{"id":842,"date":"2021-03-01T09:52:25","date_gmt":"2021-03-01T08:52:25","guid":{"rendered":"https:\/\/huurdersplatform-shertogenbosch.nl\/wordpress\/?page_id=842"},"modified":"2025-11-23T18:17:26","modified_gmt":"2025-11-23T17:17:26","slug":"actueel-nieuws","status":"publish","type":"page","link":"https:\/\/huurdersplatform-shertogenbosch.nl\/wordpress\/?page_id=842","title":{"rendered":"Actueel nieuws"},"content":{"rendered":"\n<h1 class=\"wp-block-heading\"><a><\/a><strong>Nieuwe Kansen voor Cultuur in de Wijken van \u2019s-Hertogenbosch<\/strong><\/h1>\n\n\n\n<p>De nieuwe Stichting Cultureel Wijkenprogramma is opgericht met als doel de kwaliteit van leven in de wijken van \u2019s-Hertogenbosch te versterken door middel van actieve cultuurparticipatie.<\/p>\n\n\n\n<p>Om deze missie te realiseren, is een bestuur gevormd dat uitvoering geeft aan de doelstellingen van de stichting. Daarnaast is Samira Racdu aangesteld als kwartiermaker. Zij zal in nauwe samenwerking met het bestuur culturele activiteiten in de wijken stimuleren, verbinden en faciliteren.<\/p>\n\n\n\n<p>De stichting nodigt alle inwoners van de gemeente \u2019s-Hertogenbosch uit om via een Open Call hun creatieve idee\u00ebn en initiatieven in te dienen. Dit geldt voor kunstenaars van alle disciplines, buurtbewoners, bewonersorganisaties en lokale initiatieven. Samen kunnen we het leven in onze wijken verbinden met cultuur!<\/p>\n\n\n\n<p>Stichting Cultureel Wijkenprogramma moedigt alle inwoners van Den Bosch, individueel of in wijkverband, aan om een voorstel in te dienen dat gericht is op het ontwikkelen of uitvoeren van culturele initiatieven die het samenleven en de leefomgeving versterken. Ook bewoners van de kleinere kernen, zoals Nuland en Vinkel, zijn van harte welkom om idee\u00ebn en plannen te delen.<\/p>\n\n\n\n<p><strong>Aanmelden of meer informatie<br><\/strong>Stuur je aanvraag of vraag naar: cultureelwijkenprogramma@gmail.com<br>Wil je de volledige tekst van de Open Call ontvangen of in contact komen met <strong>Samira Racdu<\/strong>? Ook dat kan via hetzelfde e-mailadres of telefoonnummer: 06 5910 6646<\/p>\n\n\n\n<p><strong>Samen maken we \u2019s-Hertogenbosch een nog mooiere plek om te vieren, verbinden en verbeelden!<\/strong><strong><\/strong><\/p>\n\n\n\n<h2 class=\"wp-block-heading\">Uitvoeringsagenda 2025 &#8216;s-Hertogenbosch<\/h2>\n\n\n\n<div class=\"wp-block-file\"><a id=\"wp-block-file--media-d5a1e4aa-5db2-41c5-bda7-ce9ff417dabb\" href=\"https:\/\/huurdersplatform-shertogenbosch.nl\/wordpress\/wp-content\/uploads\/2025\/01\/Uitvoeringsagenda-PA-2025_def.pdf\">Uitvoeringsagenda PA 2025<\/a><a href=\"https:\/\/huurdersplatform-shertogenbosch.nl\/wordpress\/wp-content\/uploads\/2025\/01\/Uitvoeringsagenda-PA-2025_def.pdf\" class=\"wp-block-file__button wp-element-button\" download aria-describedby=\"wp-block-file--media-d5a1e4aa-5db2-41c5-bda7-ce9ff417dabb\">Download<\/a><\/div>\n\n\n\n<h2 class=\"wp-block-heading\">Vervroegd Kerstcadeau voor Buddyhulp.<\/h2>\n\n\n\n<p><strong>&#8216;s-Hertogenbosch| Voorzitter van het Stedelijk Huurders Platform (SHP) Diny Peters heeft donderdag 15 december een cheque van 3.000 euro overhandigd aan Henk Engel van Buddyhulp \u2018s-Hertogenbosch voor de bijscholing van de \u2018buddies\u2019.<\/strong><\/p>\n\n\n\n<figure class=\"wp-block-image size-large\"><a href=\"https:\/\/huurdersplatform-shertogenbosch.nl\/wordpress\/wp-content\/uploads\/2021\/12\/Cheque-Buddyhulp.jpg\"><img loading=\"lazy\" decoding=\"async\" width=\"840\" height=\"494\" src=\"https:\/\/huurdersplatform-shertogenbosch.nl\/wordpress\/wp-content\/uploads\/2021\/12\/Cheque-Buddyhulp.jpg\" alt=\"\" class=\"wp-image-1013\" srcset=\"https:\/\/huurdersplatform-shertogenbosch.nl\/wordpress\/wp-content\/uploads\/2021\/12\/Cheque-Buddyhulp.jpg 840w, https:\/\/huurdersplatform-shertogenbosch.nl\/wordpress\/wp-content\/uploads\/2021\/12\/Cheque-Buddyhulp-300x176.jpg 300w, https:\/\/huurdersplatform-shertogenbosch.nl\/wordpress\/wp-content\/uploads\/2021\/12\/Cheque-Buddyhulp-768x452.jpg 768w\" sizes=\"auto, (max-width: 840px) 100vw, 840px\" \/><\/a><figcaption class=\"wp-element-caption\">Het SHP vierde op deze wijze het 15-jarig bestaan. Op de foto van links naar rechts Henk Engel, Frans Bolder (SHP), Corry van den Wildenberg (SHP), Marcel Ploegmakers (Buddyhulp) en Diny Peters.<\/figcaption><\/figure>\n\n\n\n<div class=\"wp-block-media-text alignwide is-stacked-on-mobile\" style=\"grid-template-columns:28% auto\"><figure class=\"wp-block-media-text__media\"><img decoding=\"async\" src=\"https:\/\/huurdersplatform-shertogenbosch.nl\/wordpress\/wp-content\/uploads\/2021\/10\/image-1.png\" alt=\"\" class=\"wp-image-955 size-full\"\/><\/figure><div class=\"wp-block-media-text__content\">\n<p style=\"font-size:27px\"><strong>Expertmeeting: Kwetsbaarheid in de wijk<\/strong><\/p>\n<\/div><\/div>\n\n\n\n<blockquote class=\"wp-block-quote is-layout-flow wp-block-quote-is-layout-flow\">\n<p>Openingsfilm Expertmeeting:<\/p>\n\n\n\n<p><iframe loading=\"lazy\" title=\"thuis in de wijk huurdersplatform\" width=\"800\" height=\"450\" src=\"https:\/\/www.youtube.com\/embed\/x2mER_YS03o?feature=oembed\" frameborder=\"0\" allow=\"accelerometer; autoplay; clipboard-write; encrypted-media; gyroscope; picture-in-picture; web-share\" referrerpolicy=\"strict-origin-when-cross-origin\" allowfullscreen><\/iframe><\/p>\n\n\n\n<p><\/p>\n<\/blockquote>\n\n\n\n<div class=\"wp-block-file\"><a id=\"wp-block-file--media-4220370a-2640-4776-b041-2168d90e99b6\" href=\"https:\/\/huurdersplatform-shertogenbosch.nl\/wordpress\/wp-content\/uploads\/2021\/12\/def-Verslag-KwetsbaarheidindeWijk.pdf\">def Verslag KwetsbaarheidindeWijk<\/a><a href=\"https:\/\/huurdersplatform-shertogenbosch.nl\/wordpress\/wp-content\/uploads\/2021\/12\/def-Verslag-KwetsbaarheidindeWijk.pdf\" class=\"wp-block-file__button wp-element-button\" download aria-describedby=\"wp-block-file--media-4220370a-2640-4776-b041-2168d90e99b6\">Download<\/a><\/div>\n\n\n\n<p><strong>Maandag 4 oktober was het eindelijk zover. Zo\u2019n 130 bewoners, professionals en bestuurders ontmoeten elkaar rond het thema: hoe zorgen we ervoor dat we op een prettige manier samen wonen en leven in de buurten en wijken?<\/strong><\/p>\n\n\n\n<p class=\"has-medium-font-size\">Door corona was de bijeenkomst een aantal keren verzet. Na anderhalf jaar opstarten, uitstellen, opnieuw opstarten\u2026.&nbsp; stond er afwisselend programma met een keur aan sprekers, verhalen en filmpjes. Communicatie bleek het sleutelwoord. \u201cJe komt er alleen maar als je elkaar ontmoet.\u201d Over en weer, op basis van gelijkwaardigheid, onderling en in de buurt. En natuurlijk werden er afspraken gemaakt om \u2018al dat praten\u2019 om te zetten in daadkracht. In wijken met veel sociale huurwoningen wonen steeds meer huurders die een vorm van (psychische) ondersteuning nodig hebben. Hoe zorgen we ervoor dat er voor iedereen een plek is en blijft in onze buurten en wijken? En het tegelijk ook voor iedereen een fijne, leefbare buurt is en blijft. Huurders(verenigingen) en wijkbewoners maken zich zorgen, die herkend worden door gemeenten. &nbsp;<\/p>\n\n\n\n<p class=\"has-medium-font-size\"><strong>Ervaring en deskundigheid<\/strong><\/p>\n\n\n\n<p class=\"has-medium-font-size\">Daarom benadrukte Corry van de Wildenberg, voorzitter van de Huurders Belangen Vereniging Zayaz hoe goed het is dat bewoners, professionals en bestuurders elkaar over en weer zien als expert. Bewoners maken de buurt immers van dichtbij mee. Belangrijk dat zij boze of kwetsbare mensen begrijpen of verstaan. &nbsp;Wethouder Roy Geers vulde haar aan: \u201cWe komen verder door de vakinhoudelijke deskundigheid van de professionals bijeen te brengen met de ervaringsdeskundigheid van bewoners.\u201d<\/p>\n\n\n\n<p class=\"has-medium-font-size\"><strong>Regio en stad horen bij elkaar<\/strong><\/p>\n\n\n\n<p class=\"has-medium-font-size\">De bijeenkomst is georganiseerd met- en door de gemeenten Zaltbommel, Maasdriel, Vught, Sint Michielsgestel, Boxtel, Meierijstad en \u2019s Hertogenbosch. Samen met de &nbsp;zorg- en welzijnsaanbieders en woningcorporaties zien zij dat het versterken van de kwetsbaarheid in de wijk, een regionale aanpak vragen. Jeroen Frissen van bureau Circusvis vertelde in een digitale presentatie over de overeenkomsten en verschillen tussen regio en stad. En deelde een signaleringskaart die bewoners en professionals helpt om in gesprek te gaan over wat goed gaat. En waar het niet goed gaat.<\/p>\n\n\n\n<p class=\"has-medium-font-size\"><strong>Een verslag van de bijeenkomst is nog in de maak<\/strong><\/p>\n\n\n\n<p class=\"has-medium-font-size\">Na anderhalf jaar corona was het goed elkaar te ontmoeten. De kracht ervaren van elkaar kennen, luisteren, begrijpen, elkaar iets gunnen. Maar het bleef niet bij praten. We gaan ook do\u00e9n. Een uitgebreider verslag volgt later. Een paar concrete vervolgafspraken. \u201cWat zou het goed zijn als er een nummer is waar je altijd naar kunt bellen als er iets aan de hand is.\u201d En dat is er! 0800 1205 is het nummer van de crisis en interventieteam van Farent. Je kunt dit nummer ook bellen als er geen crisis is, maar je een vraag hebt of je wilt iets melden\u201d. Prestatieafspraken vormen een goed moment om concreet te worden.  Als SMO &#8216;s-Hertogenbosch zullen wij het voortouw nemen om de beweging te maken naar meer luisteren naar de samenleving. Wat heeft de ander nodig, hoe kunnen we elkaar ontmoeten?<\/p>\n\n\n\n<p class=\"has-medium-font-size\"><strong>Tot slot een aantal inzichten en uitspraken<\/strong><\/p>\n\n\n\n<p class=\"has-medium-font-size\">In de maatschappij praten we niet meer met elkaar. We moeten elkaar weer\/meer leren kennen. Laten we voorkomen dat mensen zich overvallen voelen.<\/p>\n\n\n\n<p class=\"has-medium-font-size\">60% van de mensen heeft het goed.. dat betekent dus 40% niet. Het zou de norm moeten zijn dat je kennis maakt met je nieuwe buren. Daarmee maakt het niet uit of het bijvoorbeeld een jong gezin betreft of een buur met een rugzakje.&nbsp; De vraag is ook hoe tolerant ben je als buur en hoeveel ben je bereid te investeren in het contact met je nieuwe \u2018probleembuur\u2019? Want wat als&nbsp;die nieuwe buur geen contact met de buurt wil\u2026&nbsp;Soms is de achtergrond van een nieuwe buur een te grote barri\u00e8re voor de bestaande buurt.&nbsp;&nbsp;Het liefst zou je meer over je nieuwe buur willen weten, maar de AVG is een grote barri\u00e8re om dat voor elkaar te krijgen.&nbsp;Veel mensen in&nbsp;Housing&nbsp;First kampen ook met een \u2018zelfstigma\u2019. Dat werpt een grote drempel op om op anderen af te stappen.&nbsp;Het heeft geen zin om vooral naar de instanties te wijzen.&nbsp;Sleutelfiguren zoals buurtmoeders of buurtvaders kunnen een hele goede rol spelen. Er zijn voorbeelden genoeg.&nbsp;&nbsp;<\/p>\n\n\n\n<p class=\"has-medium-font-size\"><strong>En de uitsmijter: word collectant! Dan k\u00f3m je bij alle deuren en weet je wat er l\u00e9\u00e9ft achter die deuren.&nbsp;Ondertussen&nbsp;haal je geld op voor een goed doel.&nbsp;2 vliegen in 1 klap<\/strong>&nbsp;<\/p>\n\n\n\n<h2 class=\"wp-block-heading has-large-font-size\">De Buurt als vindplaats in &#8216;s-Hertogenbosch<\/h2>\n\n\n\n<p>Diny Peters (SHP), Simone van Raak (Zayaz) en Corry v.d. Wildenberg (HBV-Zayaz) hebben in een interview met Platform31, onder de titel DE BUURT ALS VINDPLAATS IN &#8216;s-HERTOGENBOSCH, hun kijk op hoe buurten leefbaarder gemaakt kunnen worden, weergegeven.<\/p>\n\n\n\n<p>Klik op onderstaande link om het interview te lezen. <a href=\"https:\/\/magazines.woningmarktbeleid.nl\/prestatieafspraken\/2021\/02\/den-bosch\">https:\/\/magazines.woningmarktbeleid.nl\/prestatieafspraken\/2021\/02\/den-bosch<\/a><\/p>\n\n\n\n<p class=\"has-large-font-size\"><strong>Meerjarige Prestatieafspraken           &#8216;s-Hertogenbosch t\/m 2025<\/strong><\/p>\n\n\n\n<p><strong>Betaalbaar, duurzaam en prettig wonen in veilige \u00e9n vitale buurten. Dat is de gezamenlijke ambitie van gemeente, woningcorporaties en het StedelijkHuurdersPlatform (SHP).<\/strong><br><br>Woensdag 10 maart ondertekenden wij als StedelijkHuurdersPlatform (SHP) samen met de gemeente \u2019s-Hertogenbosch en de andere Bossche corporaties Zayaz, BrabantWonen, Mooiland en JOOST de Meerjarige Prestatieafspraken voor de periode 2021-2025. Met ondertekening van deze prestatieafspraken geven we mede invulling aan een aantal belangrijke opgaves uit de gemeentelijke Woonvisie.<\/p>\n\n\n\n<p><em>Hieronder op de foto alle betrokken partijen. Van links naar rechts: wethouder Roy Geers (gemeente \u2019s-Hertogenbosch), Harrie Windm\u00fcller (BrabantWonen), Mohamed Acharki (Zayaz), Rob Dekker (JOOST op bouwlocatie Seringenstraat in Rosmalen), Elly Pansier (Mooiland) en Diny Peters \u2013 Van Gorp (Stedelijk Huurders Platform).<\/em><\/p>\n\n\n\n<figure class=\"wp-block-image size-large\"><a href=\"https:\/\/huurdersplatform-shertogenbosch.nl\/wordpress\/wp-content\/uploads\/2021\/03\/2021-Foto-Prestatieafspraken.jpeg\"><img loading=\"lazy\" decoding=\"async\" width=\"1024\" height=\"576\" src=\"https:\/\/huurdersplatform-shertogenbosch.nl\/wordpress\/wp-content\/uploads\/2021\/03\/2021-Foto-Prestatieafspraken-1024x576.jpeg\" alt=\"\" class=\"wp-image-850\" srcset=\"https:\/\/huurdersplatform-shertogenbosch.nl\/wordpress\/wp-content\/uploads\/2021\/03\/2021-Foto-Prestatieafspraken-1024x576.jpeg 1024w, https:\/\/huurdersplatform-shertogenbosch.nl\/wordpress\/wp-content\/uploads\/2021\/03\/2021-Foto-Prestatieafspraken-300x169.jpeg 300w, https:\/\/huurdersplatform-shertogenbosch.nl\/wordpress\/wp-content\/uploads\/2021\/03\/2021-Foto-Prestatieafspraken-768x432.jpeg 768w, https:\/\/huurdersplatform-shertogenbosch.nl\/wordpress\/wp-content\/uploads\/2021\/03\/2021-Foto-Prestatieafspraken.jpeg 1519w\" sizes=\"auto, (max-width: 1024px) 100vw, 1024px\" \/><\/a><\/figure>\n\n\n\n<p><strong>Drie kerndoelen gebiedsgericht aanpakken<\/strong><br>Om onze ambitie te realiseren stellen we gezamenlijk drie kerndoelen:<\/p>\n\n\n\n<ul class=\"wp-block-list\">\n<li>Meer mensen goed huisvesten<\/li>\n\n\n\n<li>Draagkracht en weerbaarheid van buurten versterken<\/li>\n\n\n\n<li>Werken aan duurzaam en gezond wonen.<\/li>\n<\/ul>\n\n\n\n<p>Deze stedelijke opgaven worden op het niveau van buurten concreet; daar ontmoeten ze elkaar. Daarom pakken de partijen de stedelijke opgaven de komende jaren steeds meer aan vanuit het perspectief van de buurt. Zoals bijvoorbeeld al gebeurt in de Gestelse buurt.<br><br><strong>Meer mensen goed huisvesten<\/strong><br>Om ervoor te zorgen dat mensen sneller een woning vinden die bij hun wensen en portemonnee past, werken de partijen aan diverse woonoplossingen voor allerlei doelgroepen. Wethouder Geers: &#8220;Er wordt de komende jaren flink gebouwd: m\u00e9\u00e9r dan 3.150 sociale huurwoningen in 10 jaar tijd. Voor veel van die woningen hebben we al locaties in beeld.&#8221; Flexibele woningen bieden een tijdelijke aanvulling op bestaande buurten. En met bijvoorbeeld de verhuisregeling voor 65+ers en wijziging van het seniorenlabel wordt ingezet op het stimuleren van doorstroming en evenwichtige slaagkansen.<br><br><strong>Draagkracht en weerbaarheid van buurten versterken<\/strong><br>Ons jaarthema &#8220;Kwetsbaarheid van buurten en complexen&#8221; willen we invulling aan geven. Oog voor de kwaliteit van wonen vinden we een erg actueel thema zegt Diny Peters, voorzitter SHP: &#8220;Alle huurders moeten goed kunnen wonen. In een woonomgeving waar ze zich thuis kunnen voelen. Waar ze er op kunnen vertrouwen dat problemen in de buurt aangepakt worden. En waar rekening gehouden wordt met de belangen van de huidige en van de toekomstige huurders.&#8221; De ene buurt kan iets anders nodig hebben dan de andere. Daarom wordt er op buurtniveau samengewerkt en keuzes gemaakt. Netwerkpartners zorgen voor goede begeleiding- en zorg voor de mensen die dat nodig hebben, zoals bijvoorbeeld met Thuis in de Wijk. En wonen en zorg wordt met elkaar verbonden in de ontwikkeling van verschillende woonzorgconcepten, zoals het tweede hostel en Housing First.<br><br><strong>Werken aan duurzaam en gezond wonen<\/strong><br>In het Duurzaamheidsakkoord spraken de woonpartners af hoe ze werken aan geheel duurzame woonwijken in 2050. Deze afspraken staan nog altijd als een huis. Op onderdelen doen ze er een schepje bovenop. Duurzaamheid wordt nog nadrukkelijker verbonden aan de sociale opgave: samen met bewoners ontstaat er een groter effect. Verduurzaming is meer dan alleen het energiezuiniger maken van woningen. Het gaat ook om een duurzame woonomgeving, bijdragen aan meer leef- en woongenot en een betere gezondheid. Daarbij mag de betaalbaarheid van het wonen niet in het gedrang komen.<br><br><strong>Samen kunnen we meer<\/strong><br>Werken aan goed en betaalbaar wonen in sterke wijken is een opgave die geen van de partners alleen kan. &#8216;Samen kunnen we meer&#8217; is dan ook het vertrekpunt voor deze meerjarige prestatieafspraken. Goede samenwerking is nodig om invulling te geven aan de opgaves waar ze de komende jaren samen voor staan. Mohamed Acharki, bestuurder Zayaz en voorzitter van de Bossche Woningcorporaties: &#8220;Ook onze maatschappelijke partners en private partners, zoals projectontwikkelaars en aannemers, hebben we hard nodig. Waar nodig en mogelijk voeren we breder overleg en slaan we bruggen: tussen organisaties, geldstromen en bestuurlijke portefeuilles. We doen dit opgavegericht: met focus, energie en betrokkenheid.&#8221;<br><br><em>Hieronder vind je alle relevante documenten:<\/em><\/p>\n\n\n\n<ul class=\"wp-block-list\">\n<li><a rel=\"noreferrer noopener\" href=\"https:\/\/www.zayaz.nl\/Media\/d485c1c3-2f21-4b51-98b3-982abb2f7620\/original\/14540_prestatieafspraken-2021.pdf\/\" target=\"_blank\">Meerjarige prestatieafspraken \u2018s-Hertogenbosch 2021-2025<\/a><\/li>\n\n\n\n<li><a rel=\"noreferrer noopener\" href=\"https:\/\/www.zayaz.nl\/Media\/dcf8e7aa-c544-4bdc-85cf-b5031d04e837\/original\/14540_uitvoeringsagenda-2021.pdf\/\" target=\"_blank\">Uitvoeringsagenda 2021<\/a><\/li>\n<\/ul>\n\n\n\n<p class=\"has-large-font-size\"><strong>Renovatie SHP kantoor.<\/strong><\/p>\n\n\n\n<p>Alle complexen van Zayaz aan de Pieter Breughelstraat worden gerenoveerd en verduurzaamd. Zo ook ons kantoor op nummer 20. Alle kozijnen zijn vervangen en voorzien van tripple glas. Uitgebreide werkzaamheden aan de riolering zijn in volle gang en de buitenschil wordt ook aangepakt. Door de werkzaamheden kan het zijn dat de telefoon tijdelijk niet werkt. Wij blijven bereikbaar via de e-mail: info@stedelijkhuurdersplatform.nl<\/p>\n\n\n\n<ul class=\"wp-block-list\">\n<li>Afscheid Corry van den Wildenberg<\/li>\n<\/ul>\n\n\n\n<p><\/p>\n\n\n\n\n\n\n\n\n\n\n\n\n\n\n\n<p><\/p>\n\n\n\n<blockquote class=\"wp-block-quote is-layout-flow wp-block-quote-is-layout-flow\">\n<p><\/p>\n<\/blockquote>\n\n\n\n<blockquote class=\"wp-block-quote is-layout-flow wp-block-quote-is-layout-flow\">\n<p><\/p>\n<\/blockquote>\n\n\n\n\n\n\n\n\n\n\n\n\n\n\n","protected":false},"excerpt":{"rendered":"<p>Nieuwe Kansen voor Cultuur in de Wijken van \u2019s-Hertogenbosch De nieuwe Stichting Cultureel Wijkenprogramma is opgericht met als doel de kwaliteit van leven in de wijken van \u2019s-Hertogenbosch te versterken &#8230;<\/p>\n","protected":false},"author":1,"featured_media":0,"parent":0,"menu_order":0,"comment_status":"closed","ping_status":"closed","template":"","meta":{"ngg_post_thumbnail":0,"footnotes":""},"class_list":["post-842","page","type-page","status-publish","hentry"],"_links":{"self":[{"href":"https:\/\/huurdersplatform-shertogenbosch.nl\/wordpress\/index.php?rest_route=\/wp\/v2\/pages\/842","targetHints":{"allow":["GET"]}}],"collection":[{"href":"https:\/\/huurdersplatform-shertogenbosch.nl\/wordpress\/index.php?rest_route=\/wp\/v2\/pages"}],"about":[{"href":"https:\/\/huurdersplatform-shertogenbosch.nl\/wordpress\/index.php?rest_route=\/wp\/v2\/types\/page"}],"author":[{"embeddable":true,"href":"https:\/\/huurdersplatform-shertogenbosch.nl\/wordpress\/index.php?rest_route=\/wp\/v2\/users\/1"}],"replies":[{"embeddable":true,"href":"https:\/\/huurdersplatform-shertogenbosch.nl\/wordpress\/index.php?rest_route=%2Fwp%2Fv2%2Fcomments&post=842"}],"version-history":[{"count":41,"href":"https:\/\/huurdersplatform-shertogenbosch.nl\/wordpress\/index.php?rest_route=\/wp\/v2\/pages\/842\/revisions"}],"predecessor-version":[{"id":1663,"href":"https:\/\/huurdersplatform-shertogenbosch.nl\/wordpress\/index.php?rest_route=\/wp\/v2\/pages\/842\/revisions\/1663"}],"wp:attachment":[{"href":"https:\/\/huurdersplatform-shertogenbosch.nl\/wordpress\/index.php?rest_route=%2Fwp%2Fv2%2Fmedia&parent=842"}],"curies":[{"name":"wp","href":"https:\/\/api.w.org\/{rel}","templated":true}]}}